{"id":62,"date":"2016-03-04T18:07:22","date_gmt":"2016-03-04T18:07:22","guid":{"rendered":"http:\/\/localhost:8888\/tandlaegerne-klostergade\/?page_id=62"},"modified":"2024-03-04T20:44:46","modified_gmt":"2024-03-04T20:44:46","slug":"behandlinger","status":"publish","type":"page","link":"https:\/\/tandl\u00e6gerne.dk\/?page_id=62","title":{"rendered":"Behandlinger"},"content":{"rendered":"<p>[et_pb_section fb_built=&#8221;1&#8243; fullwidth=&#8221;on&#8221; custom_padding_last_edited=&#8221;on|desktop&#8221; admin_label=&#8221;Sektion&#8221; _builder_version=&#8221;4.16&#8243; background_color=&#8221;#114e72&#8243; background_image=&#8221;http:\/\/test.tandl\u00e6gerne.dk\/wp-content\/uploads\/2016\/03\/baggrund1.jpg&#8221; custom_padding_tablet=&#8221;50px|0|50px|0&#8243; custom_padding_phone=&#8221;50px|0|50px|0&#8243; transparent_background=&#8221;off&#8221; padding_mobile=&#8221;off&#8221; make_fullwidth=&#8221;off&#8221; use_custom_width=&#8221;off&#8221; width_unit=&#8221;on&#8221; global_colors_info=&#8221;{}&#8221;][et_pb_fullwidth_header title=&#8221;Behandlinger&#8221; subhead=&#8221;Vi tilbyder specialiserede behandlinger&#8221; content_max_width=&#8221;none&#8221; admin_label=&#8221;Fuldbredde Overskrift&#8221; _builder_version=&#8221;4.16&#8243; background_color=&#8221;rgba(255, 255, 255, 0)&#8221; button_one_letter_spacing_hover=&#8221;0&#8243; button_two_letter_spacing_hover=&#8221;0&#8243; global_colors_info=&#8221;{}&#8221; button_one_text_size__hover_enabled=&#8221;off&#8221; button_two_text_size__hover_enabled=&#8221;off&#8221; button_one_text_color__hover_enabled=&#8221;off&#8221; button_two_text_color__hover_enabled=&#8221;off&#8221; button_one_border_width__hover_enabled=&#8221;off&#8221; button_two_border_width__hover_enabled=&#8221;off&#8221; button_one_border_color__hover_enabled=&#8221;off&#8221; button_two_border_color__hover_enabled=&#8221;off&#8221; button_one_border_radius__hover_enabled=&#8221;off&#8221; button_two_border_radius__hover_enabled=&#8221;off&#8221; button_one_letter_spacing__hover_enabled=&#8221;on&#8221; button_one_letter_spacing__hover=&#8221;0&#8243; button_two_letter_spacing__hover_enabled=&#8221;on&#8221; button_two_letter_spacing__hover=&#8221;0&#8243; button_one_bg_color__hover_enabled=&#8221;off&#8221; button_two_bg_color__hover_enabled=&#8221;off&#8221;] [\/et_pb_fullwidth_header][\/et_pb_section][et_pb_section fb_built=&#8221;1&#8243; specialty=&#8221;on&#8221; admin_label=&#8221;section&#8221; _builder_version=&#8221;4.16&#8243; global_colors_info=&#8221;{}&#8221;][et_pb_column type=&#8221;1_4&#8243; _builder_version=&#8221;4.16&#8243; custom_padding=&#8221;|||&#8221; global_colors_info=&#8221;{}&#8221; custom_padding__hover=&#8221;|||&#8221;][et_pb_text admin_label=&#8221;Behandlingsmenu&#8221; _builder_version=&#8221;3.0.87&#8243; background_size=&#8221;initial&#8221; background_position=&#8221;top_left&#8221; background_repeat=&#8221;repeat&#8221; use_border_color=&#8221;off&#8221; border_color=&#8221;#ffffff&#8221; border_style=&#8221;solid&#8221; global_module=&#8221;608&#8243; saved_tabs=&#8221;all&#8221; global_colors_info=&#8221;{}&#8221;]<\/p>\n<p><strong>Behandlinger<\/strong><\/p>\n<p><a href=\"https:\/\/tandl\u00e6gerne.dk\/?page_id=394\">Fyldninger<br \/><\/a><a href=\"https:\/\/tandl\u00e6gerne.dk\/?page_id=337\">Kroner og broer<\/a><br \/><a href=\"https:\/\/tandl\u00e6gerne.dk\/?page_id=346\">Implantater<br \/><\/a><a href=\"https:\/\/tandl\u00e6gerne.dk\/?page_id=388\">Rodbehandling<\/a><br \/><a href=\"https:\/\/tandl\u00e6gerne.dk\/?page_id=392\">Paradentose<\/a><br \/><a href=\"https:\/\/tandl\u00e6gerne.dk\/?page_id=390\">Blegning<\/a><br \/><a href=\"https:\/\/tandl\u00e6gerne.dk\/?page_id=396\">Tandregulering<\/a><\/p>\n<p>[\/et_pb_text][\/et_pb_column][et_pb_column type=&#8221;3_4&#8243; specialty_columns=&#8221;3&#8243; _builder_version=&#8221;4.16&#8243; custom_padding=&#8221;|||&#8221; global_colors_info=&#8221;{}&#8221; custom_padding__hover=&#8221;|||&#8221;][et_pb_row_inner admin_label=&#8221;row_inner&#8221; _builder_version=&#8221;4.16&#8243; global_colors_info=&#8221;{}&#8221;][et_pb_column_inner saved_specialty_column_type=&#8221;3_4&#8243; _builder_version=&#8221;4.16&#8243; custom_padding=&#8221;|||&#8221; global_colors_info=&#8221;{}&#8221; custom_padding__hover=&#8221;|||&#8221;][et_pb_text admin_label=&#8221;Text&#8221; _builder_version=&#8221;4.16&#8243; background_size=&#8221;initial&#8221; background_position=&#8221;top_left&#8221; background_repeat=&#8221;repeat&#8221; use_border_color=&#8221;off&#8221; border_color=&#8221;#ffffff&#8221; border_style=&#8221;solid&#8221; global_colors_info=&#8221;{}&#8221;]<\/p>\n<h2>Behandlinger<\/h2>\n<p>P\u00e5 klinikken kan vi tilbyde specialiserede behandlinger med implantater, proteser, kroner og broer.<\/p>\n<p>Desuden har vi mulighed for almindelige tandl\u00e6gefunktioner med kontrol af t\u00e6nder og slimhinder, fremstilling af n\u00f8dvendige fyldninger og forebyggende behandling.<\/p>\n<p>Tandl\u00e6ge Thomas Guldborg modtager desuden henvisninger for implantatbehandlinger.<\/p>\n<p>&nbsp;<\/p>\n<p>[\/et_pb_text][\/et_pb_column_inner][\/et_pb_row_inner][et_pb_row_inner admin_label=&#8221;R\u00e6kke&#8221; _builder_version=&#8221;4.16&#8243; global_colors_info=&#8221;{}&#8221;][et_pb_column_inner saved_specialty_column_type=&#8221;3_4&#8243; _builder_version=&#8221;4.16&#8243; custom_padding=&#8221;|||&#8221; global_colors_info=&#8221;{}&#8221; custom_padding__hover=&#8221;|||&#8221;][et_pb_image src=&#8221;https:\/\/tandl\u00e6gerne.dk\/wp-content\/uploads\/2022\/03\/HB21110121TandlaegerneKlostergade_06.ARW_.p.jpeg&#8221; _builder_version=&#8221;4.16&#8243; _module_preset=&#8221;default&#8221; global_colors_info=&#8221;{}&#8221;][\/et_pb_image][\/et_pb_column_inner][\/et_pb_row_inner][\/et_pb_column][\/et_pb_section][et_pb_section fb_built=&#8221;1&#8243; inner_shadow=&#8221;on&#8221; custom_padding_last_edited=&#8221;on|desktop&#8221; admin_label=&#8221;section&#8221; _builder_version=&#8221;3.22&#8243; background_image=&#8221;http:\/\/retry.dk\/kunder\/tandlaegerne-klostergade\/wp-content\/uploads\/2016\/03\/baggrund1.jpg&#8221; custom_padding_tablet=&#8221;50px|0|50px|0&#8243; custom_padding_phone=&#8221;50px|0|50px|0&#8243; transparent_background=&#8221;off&#8221; padding_mobile=&#8221;off&#8221; make_fullwidth=&#8221;off&#8221; use_custom_width=&#8221;off&#8221; width_unit=&#8221;on&#8221; global_module=&#8221;492&#8243; global_colors_info=&#8221;{}&#8221;][et_pb_row admin_label=&#8221;row&#8221; _builder_version=&#8221;4.16&#8243; background_size=&#8221;initial&#8221; background_position=&#8221;top_left&#8221; background_repeat=&#8221;repeat&#8221; global_colors_info=&#8221;{}&#8221;][et_pb_column type=&#8221;4_4&#8243; _builder_version=&#8221;4.16&#8243; custom_padding=&#8221;|||&#8221; global_colors_info=&#8221;{}&#8221; custom_padding__hover=&#8221;|||&#8221;][et_pb_cta button_url=&#8221;https:\/\/tandl\u00e6gerne.dk\/?page_id=171&#8243; button_text=&#8221;Kontakt os&#8221; admin_label=&#8221;Call To Action&#8221; _builder_version=&#8221;4.16&#8243; use_background_color=&#8221;off&#8221; background_size=&#8221;initial&#8221; background_position=&#8221;top_left&#8221; background_repeat=&#8221;repeat&#8221; use_border_color=&#8221;off&#8221; border_color=&#8221;#ffffff&#8221; border_style=&#8221;solid&#8221; button_letter_spacing_hover=&#8221;0&#8243; global_colors_info=&#8221;{}&#8221; button_text_size__hover_enabled=&#8221;off&#8221; button_one_text_size__hover_enabled=&#8221;off&#8221; button_two_text_size__hover_enabled=&#8221;off&#8221; button_text_color__hover_enabled=&#8221;off&#8221; button_one_text_color__hover_enabled=&#8221;off&#8221; button_two_text_color__hover_enabled=&#8221;off&#8221; button_border_width__hover_enabled=&#8221;off&#8221; button_one_border_width__hover_enabled=&#8221;off&#8221; button_two_border_width__hover_enabled=&#8221;off&#8221; button_border_color__hover_enabled=&#8221;off&#8221; button_one_border_color__hover_enabled=&#8221;off&#8221; button_two_border_color__hover_enabled=&#8221;off&#8221; button_border_radius__hover_enabled=&#8221;off&#8221; button_one_border_radius__hover_enabled=&#8221;off&#8221; button_two_border_radius__hover_enabled=&#8221;off&#8221; button_letter_spacing__hover_enabled=&#8221;on&#8221; button_letter_spacing__hover=&#8221;0&#8243; button_one_letter_spacing__hover_enabled=&#8221;off&#8221; button_two_letter_spacing__hover_enabled=&#8221;off&#8221; button_bg_color__hover_enabled=&#8221;off&#8221; button_one_bg_color__hover_enabled=&#8221;off&#8221; button_two_bg_color__hover_enabled=&#8221;off&#8221;]<\/p>\n<p><strong>Adresse:<\/strong> Klostergade 56, 8000 \u00c5rhus\u00a0\u00a0 <strong>Telefon: <\/strong>8612 4500<strong>\u00a0 <strong>Mail<\/strong>: <\/strong><a style=\"color: #fff;\" href=\"mailto:info@tandlaegerne-klostergade.dk\">info@tandlaegerne-klostergade.<\/a><a style=\"color: #fff;\" href=\"mailto:info@tandlaegerne-klostergade.dk\">dk<\/a>\u00a0<\/p>\n<p>\u00a0<strong><strong>\u00c5bningstider:<\/strong> <\/strong>mandag til torsdag fra 8.15 til 16.30 &#8211; fredag fra 8.00 til 16.00<br \/><strong>\u00a0Telefontider:\u00a0<\/strong>mandag til fredag fra 8.00 til 16.00<\/p>\n<p>[\/et_pb_cta][\/et_pb_column][\/et_pb_row][\/et_pb_section][et_pb_section fb_built=&#8221;1&#8243; _builder_version=&#8221;4.16&#8243; _module_preset=&#8221;default&#8221; global_colors_info=&#8221;{}&#8221;][et_pb_row _builder_version=&#8221;4.16&#8243; _module_preset=&#8221;default&#8221; global_colors_info=&#8221;{}&#8221;][et_pb_column type=&#8221;4_4&#8243; _builder_version=&#8221;4.16&#8243; _module_preset=&#8221;default&#8221; global_colors_info=&#8221;{}&#8221;][\/et_pb_column][\/et_pb_row][\/et_pb_section]<\/p>\n","protected":false},"excerpt":{"rendered":"<p>Behandlinger FyldningerKroner og broerImplantaterRodbehandlingParadentoseBlegningTandregulering Behandlinger P\u00e5 klinikken kan vi tilbyde specialiserede behandlinger med implantater, proteser, kroner og broer. Desuden har vi mulighed for almindelige tandl\u00e6gefunktioner med kontrol af t\u00e6nder og slimhinder, fremstilling af n\u00f8dvendige fyldninger og forebyggende behandling. Tandl\u00e6ge Thomas Guldborg modtager desuden henvisninger for implantatbehandlinger. &nbsp;Adresse: Klostergade 56, 8000 \u00c5rhus\u00a0\u00a0 Telefon: 8612 4500\u00a0 Mail: [&hellip;]<\/p>\n","protected":false},"author":1,"featured_media":0,"parent":0,"menu_order":0,"comment_status":"closed","ping_status":"closed","template":"","meta":{"_et_pb_use_builder":"on","_et_pb_old_content":"","_et_gb_content_width":"","footnotes":""},"class_list":["post-62","page","type-page","status-publish","hentry"],"yoast_head":"<!-- This site is optimized with the Yoast SEO plugin v26.3 - https:\/\/yoast.com\/wordpress\/plugins\/seo\/ -->\n<title>Behandlinger - Tandl\u00e6gerne Klostergade Aarhus C<\/title>\n<meta name=\"robots\" content=\"index, follow, max-snippet:-1, max-image-preview:large, max-video-preview:-1\" \/>\n<link rel=\"canonical\" href=\"https:\/\/tandl\u00e6gerne.dk\/?page_id=62\" \/>\n<meta property=\"og:locale\" content=\"da_DK\" \/>\n<meta property=\"og:type\" content=\"article\" \/>\n<meta property=\"og:title\" content=\"Behandlinger - Tandl\u00e6gerne Klostergade Aarhus C\" \/>\n<meta property=\"og:description\" content=\"Behandlinger FyldningerKroner og broerImplantaterRodbehandlingParadentoseBlegningTandregulering Behandlinger P\u00e5 klinikken kan vi tilbyde specialiserede behandlinger med implantater, proteser, kroner og broer. Desuden har vi mulighed for almindelige tandl\u00e6gefunktioner med kontrol af t\u00e6nder og slimhinder, fremstilling af n\u00f8dvendige fyldninger og forebyggende behandling. Tandl\u00e6ge Thomas Guldborg modtager desuden henvisninger for implantatbehandlinger. &nbsp;Adresse: Klostergade 56, 8000 \u00c5rhus\u00a0\u00a0 Telefon: 8612 4500\u00a0 Mail: [&hellip;]\" \/>\n<meta property=\"og:url\" content=\"https:\/\/tandl\u00e6gerne.dk\/?page_id=62\" \/>\n<meta property=\"og:site_name\" content=\"Tandl\u00e6gerne Klostergade Aarhus C\" \/>\n<meta property=\"article:modified_time\" content=\"2024-03-04T20:44:46+00:00\" \/>\n<meta name=\"twitter:card\" content=\"summary_large_image\" \/>\n<meta name=\"twitter:label1\" content=\"Estimeret l\u00e6setid\" \/>\n\t<meta name=\"twitter:data1\" content=\"4 minutter\" \/>\n<script type=\"application\/ld+json\" class=\"yoast-schema-graph\">{\"@context\":\"https:\/\/schema.org\",\"@graph\":[{\"@type\":\"WebPage\",\"@id\":\"https:\/\/tandl\u00e6gerne.dk\/?page_id=62\",\"url\":\"https:\/\/tandl\u00e6gerne.dk\/?page_id=62\",\"name\":\"Behandlinger - Tandl\u00e6gerne Klostergade Aarhus C\",\"isPartOf\":{\"@id\":\"https:\/\/tandl\u00e6gerne.dk\/#website\"},\"datePublished\":\"2016-03-04T18:07:22+00:00\",\"dateModified\":\"2024-03-04T20:44:46+00:00\",\"breadcrumb\":{\"@id\":\"https:\/\/tandl\u00e6gerne.dk\/?page_id=62#breadcrumb\"},\"inLanguage\":\"da-DK\",\"potentialAction\":[{\"@type\":\"ReadAction\",\"target\":[\"https:\/\/tandl\u00e6gerne.dk\/?page_id=62\"]}]},{\"@type\":\"BreadcrumbList\",\"@id\":\"https:\/\/tandl\u00e6gerne.dk\/?page_id=62#breadcrumb\",\"itemListElement\":[{\"@type\":\"ListItem\",\"position\":1,\"name\":\"Hjem\",\"item\":\"https:\/\/tandl\u00e6gerne.dk\/\"},{\"@type\":\"ListItem\",\"position\":2,\"name\":\"Behandlinger\"}]},{\"@type\":\"WebSite\",\"@id\":\"https:\/\/tandl\u00e6gerne.dk\/#website\",\"url\":\"https:\/\/tandl\u00e6gerne.dk\/\",\"name\":\"Tandl\u00e6gerne Klostergade Aarhus C\",\"description\":\"Vi er en moderne tandl\u00e6geklinik, der varetager alle typer af behandlinger i Aarhus\",\"potentialAction\":[{\"@type\":\"SearchAction\",\"target\":{\"@type\":\"EntryPoint\",\"urlTemplate\":\"https:\/\/tandl\u00e6gerne.dk\/?s={search_term_string}\"},\"query-input\":{\"@type\":\"PropertyValueSpecification\",\"valueRequired\":true,\"valueName\":\"search_term_string\"}}],\"inLanguage\":\"da-DK\"}]}<\/script>\n<!-- \/ Yoast SEO plugin. -->","yoast_head_json":{"title":"Behandlinger - Tandl\u00e6gerne Klostergade Aarhus C","robots":{"index":"index","follow":"follow","max-snippet":"max-snippet:-1","max-image-preview":"max-image-preview:large","max-video-preview":"max-video-preview:-1"},"canonical":"https:\/\/tandl\u00e6gerne.dk\/?page_id=62","og_locale":"da_DK","og_type":"article","og_title":"Behandlinger - Tandl\u00e6gerne Klostergade Aarhus C","og_description":"Behandlinger FyldningerKroner og broerImplantaterRodbehandlingParadentoseBlegningTandregulering Behandlinger P\u00e5 klinikken kan vi tilbyde specialiserede behandlinger med implantater, proteser, kroner og broer. Desuden har vi mulighed for almindelige tandl\u00e6gefunktioner med kontrol af t\u00e6nder og slimhinder, fremstilling af n\u00f8dvendige fyldninger og forebyggende behandling. Tandl\u00e6ge Thomas Guldborg modtager desuden henvisninger for implantatbehandlinger. &nbsp;Adresse: Klostergade 56, 8000 \u00c5rhus\u00a0\u00a0 Telefon: 8612 4500\u00a0 Mail: [&hellip;]","og_url":"https:\/\/tandl\u00e6gerne.dk\/?page_id=62","og_site_name":"Tandl\u00e6gerne Klostergade Aarhus C","article_modified_time":"2024-03-04T20:44:46+00:00","twitter_card":"summary_large_image","twitter_misc":{"Estimeret l\u00e6setid":"4 minutter"},"schema":{"@context":"https:\/\/schema.org","@graph":[{"@type":"WebPage","@id":"https:\/\/tandl\u00e6gerne.dk\/?page_id=62","url":"https:\/\/tandl\u00e6gerne.dk\/?page_id=62","name":"Behandlinger - Tandl\u00e6gerne Klostergade Aarhus C","isPartOf":{"@id":"https:\/\/tandl\u00e6gerne.dk\/#website"},"datePublished":"2016-03-04T18:07:22+00:00","dateModified":"2024-03-04T20:44:46+00:00","breadcrumb":{"@id":"https:\/\/tandl\u00e6gerne.dk\/?page_id=62#breadcrumb"},"inLanguage":"da-DK","potentialAction":[{"@type":"ReadAction","target":["https:\/\/tandl\u00e6gerne.dk\/?page_id=62"]}]},{"@type":"BreadcrumbList","@id":"https:\/\/tandl\u00e6gerne.dk\/?page_id=62#breadcrumb","itemListElement":[{"@type":"ListItem","position":1,"name":"Hjem","item":"https:\/\/tandl\u00e6gerne.dk\/"},{"@type":"ListItem","position":2,"name":"Behandlinger"}]},{"@type":"WebSite","@id":"https:\/\/tandl\u00e6gerne.dk\/#website","url":"https:\/\/tandl\u00e6gerne.dk\/","name":"Tandl\u00e6gerne Klostergade Aarhus C","description":"Vi er en moderne tandl\u00e6geklinik, der varetager alle typer af behandlinger i Aarhus","potentialAction":[{"@type":"SearchAction","target":{"@type":"EntryPoint","urlTemplate":"https:\/\/tandl\u00e6gerne.dk\/?s={search_term_string}"},"query-input":{"@type":"PropertyValueSpecification","valueRequired":true,"valueName":"search_term_string"}}],"inLanguage":"da-DK"}]}},"_links":{"self":[{"href":"https:\/\/tandl\u00e6gerne.dk\/index.php?rest_route=\/wp\/v2\/pages\/62","targetHints":{"allow":["GET"]}}],"collection":[{"href":"https:\/\/tandl\u00e6gerne.dk\/index.php?rest_route=\/wp\/v2\/pages"}],"about":[{"href":"https:\/\/tandl\u00e6gerne.dk\/index.php?rest_route=\/wp\/v2\/types\/page"}],"author":[{"embeddable":true,"href":"https:\/\/tandl\u00e6gerne.dk\/index.php?rest_route=\/wp\/v2\/users\/1"}],"replies":[{"embeddable":true,"href":"https:\/\/tandl\u00e6gerne.dk\/index.php?rest_route=%2Fwp%2Fv2%2Fcomments&post=62"}],"version-history":[{"count":33,"href":"https:\/\/tandl\u00e6gerne.dk\/index.php?rest_route=\/wp\/v2\/pages\/62\/revisions"}],"predecessor-version":[{"id":1407,"href":"https:\/\/tandl\u00e6gerne.dk\/index.php?rest_route=\/wp\/v2\/pages\/62\/revisions\/1407"}],"wp:attachment":[{"href":"https:\/\/tandl\u00e6gerne.dk\/index.php?rest_route=%2Fwp%2Fv2%2Fmedia&parent=62"}],"curies":[{"name":"wp","href":"https:\/\/api.w.org\/{rel}","templated":true}]}}